 prime factors of g?
2, 11, 149
Let d(b) = 25*b + 3101. What are the prime factors of d(29)?
2, 1913
What are the prime factors of 917052/34 - 66/6171*11?
2, 11, 613
Let i = -585 + 588. What are the prime factors of ((-1160)/i)/(84/(-126))?
2, 5, 29
Let o = 34758 - 16032. What are the prime factors of o?
2, 3, 3121
Suppose -2*g = -d - 60, -4*g + 180 = d - 4*d. Let n be d/(-30)*(-1 - -66). Suppose -4*i + 574 = -0*i + 2*l, -4*l = -i + n. What are the prime factors of i?
2, 71
Suppose 0 = -3*c - 2*c - 5. Let k(y) = 80*y - 1 + 17*y**2 + 108*y - 187*y. What are the prime factors of k(c)?
3, 5
Suppose 361*b - 3971927 = -34*b + 13755278. What are the prime factors of b?
44879
Suppose -3209088 = -76*k - 54*k + 34*k. What are the prime factors of k?
2, 61, 137
Let j(f) = -f**2 + 98*f**3 + 3 - 4 + 16*f**3 + f. Suppose 128*v - 85 = 43. List the prime factors of j(v).
113
Let s = -68413 - -138003. What are the prime factors of s?
2, 5, 6959
Suppose 6*t + 4*o = 11*t - 2321, 4*o = -4*t + 1864. Let c = t + -219. List the prime factors of c.
2, 3, 41
Suppose 0 = 3*f - f - 2. Let y(s) = 101*s**2 - s. Let j be y(f). Suppose -3*x = -j - 101. What are the prime factors of x?
67
Let t be (-98)/12 - 1/(-6). Let z be 3254/10 - t/(-20). Suppose -6*u = -u - z. List the prime factors of u.
5, 13
Suppose -16*x = -15*x - 14. Let h be x*((-7)/(-21) + 1/6). Let r(v) = 5*v**2 + 3. What are the prime factors of r(h)?
2, 31
Let h = 106 + -116. What are the prime factors of (46 + -910)*(2 + h/4)?
2, 3
Suppose 3*y - 32826 = s, -4*s + 7*s - 9 = 0. What are the prime factors of y?
31, 353
Suppose -39053 + 14429 = -6*z. Suppose u = 9*u - z. List the prime factors of u.
3, 19
Let a be -8 + (-290)/(-35) - 7836/(-14). Suppose -2*h - a + 2896 = 0. What are the prime factors of h?
2, 73
Suppose 4 - 12 = 2*n. Let h(w) = 6*w**2 + w - 4. Let x(p) = p**2 + p + 1. Let c(b) = n*x(b) + h(b). What are the prime factors of c(-9)?
181
Let s be (14 + -12)/(2/4). Suppose 4*o + u + 5 = 0, o + 2*o = -s*u - 20. Suppose -5*f - 3*x + 1015 = o, 5*f + 8*x - 13*x = 1015. List the prime factors of f.
7, 29
Let w = 13165 - 2870. List the prime factors of w.
5, 29, 71
Let s(j) = -302*j**3 + 303*j**3 + 6*j + 11*j**2 - 5 - 3*j**2. Let x be s(-7). Suppose 10 = -g + 6*g, 4*q + x*g - 100 = 0. What are the prime factors of q?
2, 3
Suppose -18 = -4*s - 3*n, 6*s + 3*n = 8*s. Suppose -s*v = 3*v. Suppose v = -12*c + 98 + 106. What are the prime factors of c?
17
Suppose -11*k - 3*p = -13*k + 140051, 5*p = 2*k - 140057. What are the prime factors of k?
7, 1429
Let l = 18 + -15. Suppose 4*f - 39 = 3*j + 176, 121 = 2*f + 3*j. List the prime factors of ((12/l)/2)/(1/f).
2, 7
Let d = 149 + -179. List the prime factors of 3 + (2057/3 - 10/d).
13, 53
Let s = -146 + 760. Let w = 965 - s. Suppose -4*f + x + 279 = -188, 3*f - x = w. What are the prime factors of f?
2, 29
Suppose 2*k - 3*i = 19981, 5*k + 2*i - 33297 - 16646 = 0. What are the prime factors of k?
7, 1427
Suppose 4*l - 25084 = h, 6276 = l + 23*h - 22*h. What are the prime factors of l?
2, 7
Let n = 185 - 367. Let o = n - -202. List the prime factors of o.
2, 5
Suppose 12*u + 15074 = 14*u - 4*g, -4*u - 4*g + 30208 = 0. What are the prime factors of u?
7547
Suppose -s + 61656 = -5*b, 3*s + b - 122043 = 62989. List the prime factors of s.
2, 17, 907
Let s = 12238 - -5126. Suppose 0 = -11*t - 875 + s. List the prime factors of t.
1499
Let k(f) be the third derivative of 13*f**4/12 + 28*f**3 + 159*f**2. What are the prime factors of k(18)?
2, 3, 53
Let f = 282 - -10. Let z = f - 23. List the prime factors of z.
269
Suppose 4 + 16 = z. Suppose -5*c + 55 = 2*r, 2*r - 3*c - 48 = -c. Suppose -r*j = -z*j - 300. List the prime factors of j.
2, 3, 5
Suppose 6*b = -0*b. Let l = 624 + -405. Suppose 3*i = -b*n + 2*n + l, 2*n = i - 73. List the prime factors of i.
73
Let b(r) = -80*r**2 + 161*r**2 - 78*r**2 - 61 - 14*r - 6*r. List the prime factors of b(20).
739
Let a(i) be the third derivative of -i**5/60 - 29*i**4/24 - 28*i**3/3 + 3*i**2. Let w be a(-24). Suppose -5*f + 521 = -w. What are the prime factors of f?
3, 13
Suppose 223 - 37 = 3*f. Let s = f - -117. Suppose 177 + s = 4*z. What are the prime factors of z?
89
Suppose 230*w - 333720 = 14*w. What are the prime factors of w?
3, 5, 103
Let n(s) = s**3 - 9*s**2 + 26*s - 14. Suppose 1 = 5*d + a - 48, -2*d + 2*a + 22 = 0. What are the prime factors of n(d)?
2, 173
Let y be (-72)/2*(-3)/6. Let x be (y/(-27))/(((-8)/(-6))/(-4)). List the prime factors of (12/15)/(x/(20 - 0)).
2
Suppose -2*f - 444 - 38 = -2*b, -b - 4*f = -231. What are the prime factors of b?
239
Let d(j) = -j**3 - 98*j**2 + 44*j + 1335. What are the prime factors of d(-100)?
3, 5, 1129
Suppose -5*m - 587 = 303. Let l = m + 367. Suppose 2*c - l = -h, -5*c + 2*h + 3*h = -435. What are the prime factors of c?
2, 23
Suppose -5*u + 0*q + 332945 = -2*q, 0 = 4*u - q - 266356. Suppose 22174 = -47*m + u. List the prime factors of m.
3, 5, 7
List the prime factors of ((-7080093)/1542)/(-2 + (-22)/(-12)).
3, 3061
Let j(m) = 9*m**3 - 3*m**2 + 7*m - 2. Let d be j(-3). Let a = d - -650. What are the prime factors of a?
3, 7, 17
Let m(a) = -132*a + 1872. List the prime factors of m(-21).
2, 3, 43
Suppose 253*l + 3478506 = 320*l. What are the prime factors of l?
2, 3, 17, 509
Let h be 1152/14 + 2/(-7). Let k be (-2)/10 - (-14 + (-2268)/90). Let m = h + k. List the prime factors of m.
11
Let m(q) = 22*q**2 + 2*q + 1. Let b be m(-1). Let x(h) = 4*h + 64. Let i(k) = 12*k + 196. Let t(r) = -2*i(r) + 7*x(r). List the prime factors of t(b).
2, 5, 7
Let i(z) = 2*z + 27. Let o be i(-13). Let g(d) = 48*d**3 - d**2 + 1. Let f be g(o). Suppose 24*w - 20*w = f. What are the prime factors of w?
2, 3
Suppose 889*o - 101890 = 873*o + 46526. List the prime factors of o.
2, 3, 773
Let k(b) = -219*b - 112 + 99*b + 92*b. What are the prime factors of k(-30)?
2, 7, 13
Let z(f) be the second derivative of 161*f**4/3 - f**3/6 - 2*f**2 + 34*f. What are the prime factors of z(-1)?
641
Suppose -8 = -5*x + 172. Let q = x + 1. Suppose 0 = 2*u - t - 57, 2*u = t - 4*t + q. What are the prime factors of u?
2, 13
Let u(j) = 7002*j + 7084. What are the prime factors of u(5)?
2, 13, 1619
Let l = 16524 + -9165. List the prime factors of l.
3, 11, 223
Let z = 9388 + -4246. What are the prime factors of -3 - (-3)/(18/z)?
2, 7, 61
Let s(l) = -44*l + 167. Let o be s(11). Let r = 772 + o. List the prime factors of r.
5, 7, 13
Let m be (-3 + 8 - 4)*(308 - 1). Let z = m + 14. What are the prime factors of z?
3, 107
Let j = -1 + 11. Suppose -j*b = -21*b + 1958. What are the prime factors of b?
2, 89
List the prime factors of -18 + (23 - 2) + 5*2860.
14303
Let m(d) = -5*d**2 + 20*d + 21. Let r(g) = -g**2 + g. Let o(a) = m(a) - 6*r(a). Suppose 366*p = 363*p - 45. What are the prime factors of o(p)?
2, 3
Let y = -23309 + 51416. What are the prime factors of y?
3, 347
Suppose h = -438 + 441. Let y(f) = 15*f**3 - f**2 - 4*f - 7. What are the prime factors of y(h)?
13, 29
Suppose 2 + 26 = 5*n - h, n + 4*h = 14. Suppose 3*b = -4*f + 6, 2*b - n = -f - 2. Suppose b*g - 12 = 4*z + 42, z - 67 = -3*g. What are the prime factors of g?
23
Let f be 585/156 + 1/4. Suppose g - 1209 = y, -f*g + 6*g = -4*y + 2394. What are the prime factors of g?
5, 241
Suppose -11*o + 17*o = 792. Let g = o + -55. What are the prime factors of g?
7, 11
Suppose 61*q - 24*q - 1626483 = 0. What are the prime factors of q?
3, 14653
Let c = 18582 + -7808. List the prime factors of c.
2, 5387
What are the prime factors of ((-185)/(-30))/(3/24)*(-15)/(-4)?
5, 37
Suppose -83*q - 375438 = -132*q. List the prime factors of q.
2, 3, 1277
List the prime factors of (64717240/(-64))/(-49) + 1/8*1.
3, 2293
Let p = -43 - -46. Suppose -j = p*h - 7*h - 20, -j - 4*h = 12. List the prime factors of (-3)/(-12)*j - -58.
59
What are the prime factors of 99770/15 - (-2)/3 - (-20 - -19)?
6653
Let v(r) = 37*r - 20. Let p(q) = -75*q + 41. Let o(h) = -4*p(h) - 7*v(h). Let a be o(-7). Let b = a + 449. What are the prime factors of b?
2, 3, 23
Let y(s) = s**2 - 13*s + 16. Let r be y(12). Let z be (-1)/3 - (-35)/(-3). List the prime factors of (-31)/(-3) + r/z.
2, 5
Suppose 0 = -3*r + 5*p + 4544, -4*r + 17*p = 12*p - 6057. Let l = r + 70. List the prime factors of l.
1583
Let m(d) 